?
1
What is the hundred thousands digit of 155917?
1
What is the tens digit of 23087?
8
What is the ten thousands digit of 6930961?
3
What is the tens digit of 18880493?
9
What is the tens digit of 190785?
8
What is the tens digit of 33203383?
8
What is the units digit of 1544118?
8
What is the hundreds digit of 2530818?
8
What is the tens digit of 134832?
3
What is the millions digit of 2282369?
2
What is the hundreds digit of 1014829?
8
What is the ten thousands digit of 209101?
0
What is the tens digit of 6996470?
7
What is the thousands digit of 305086?
5
What is the hundreds digit of 2853243?
2
What is the thousands digit of 12985174?
5
What is the hundred thousands digit of 166213?
1
What is the ten thousands digit of 2574299?
7
What is the hundreds digit of 370198?
1
What is the tens digit of 11149376?
7
What is the units digit of 8283350?
0
What is the tens digit of 313710?
1
What is the hundred thousands digit of 10097853?
0
What is the hundred thousands digit of 2424290?
4
What is the tens digit of 1054716?
1
What is the ten thousands digit of 11205?
1
What is the tens digit of 670346?
4
What is the ten thousands digit of 133589?
3
What is the units digit of 5639259?
9
What is the units digit of 1897015?
5
What is the ten thousands digit of 22610596?
1
What is the tens digit of 1769933?
3
What is the ten thousands digit of 1620527?
2
What is the hundred thousands digit of 391699?
3
What is the millions digit of 4025666?
4
What is the thousands digit of 818866?
8
What is the hundred thousands digit of 10334436?
3
What is the tens digit of 480109?
0
What is the tens digit of 821081?
8
What is the ten thousands digit of 11059874?
5
What is the hundred thousands digit of 9484920?
4
What is the hundreds digit of 254820?
8
What is the hundreds digit of 3122606?
6
What is the thousands digit of 62269?
2
What is the ten thousands digit of 2665791?
6
What is the millions digit of 7576941?
7
What is the millions digit of 1386930?
1
What is the hundreds digit of 999545?
5
What is the hundred thousands digit of 34020393?
0
What is the units digit of 154615?
5
What is the tens digit of 42464?
6
What is the hundred thousands digit of 2018389?
0
What is the hundreds digit of 427802?
8
What is the hundreds digit of 220472?
4
What is the ten thousands digit of 594152?
9
What is the millions digit of 5507883?
5
What is the hundreds digit of 433383?
3
What is the units digit of 686461?
1
What is the thousands digit of 28063038?
3
What is the units digit of 14924245?
5
What is the hundreds digit of 358325?
3
What is the hundreds digit of 177741?
7
What is the ten thousands digit of 801867?
0
What is the units digit of 1441213?
3
What is the ten thousands digit of 581044?
8
What is the thousands digit of 90345?
0
What is the thousands digit of 4441126?
1
What is the hundred thousands digit of 1590703?
5
What is the units digit of 8967701?
1
What is the tens digit of 367852?
5
What is the millions digit of 13565565?
3
What is the units digit of 2363653?
3
What is the units digit of 882697?
7
What is the tens digit of 293233?
3
What is the thousands digit of 2916656?
6
What is the tens digit of 194471?
7
What is the ten thousands digit of 218791?
1
What is the thousands digit of 38726?
8
What is the thousands digit of 603496?
3
What is the hundreds digit of 4017966?
9
What is the tens digit of 136428?
2
What is the units digit of 375233?
3
What is the units digit of 143648?
8
What is the tens digit of 1656468?
6
What is the hundred thousands digit of 13932676?
9
What is the tens digit of 8166615?
1
What is the hundreds digit of 805327?
3
What is the ten thousands digit of 10009825?
0
What is the hundred thousands digit of 14026517?
0
What is the hundred thousands digit of 400129?
4
What is the thousands digit of 13679625?
9
What is the units digit of 13726?
6
What is the hundred thousands digit of 444805?
4
What is the hundreds digit of 745600?
6
What is the ten thousands digit of 500108?
0
What is the units digit of 396113?
3
What is the thousands digit of 26081927?
1
What is the tens digit of 2450268?
6
What is the tens digit of 58991?
9
What is the hundred thousands digit of 1462088?
4
What is the hundred thousands digit of 11868862?
8
What is the ten thousands digit of 310643?
1
What is the thousands digit of 1602952?
2
What is the tens digit of 196227?
2
What is the units digit of 632256?
6
What is the thousands digit of 12111783?
1
What is the units digit of 817384?
4
What is the hundred thousands digit of 3129432?
1
What is the ten thousands digit of 1652684?
5
What is the hundreds digit of 458582?
5
What is the ten thousands digit of 3164380?
6
What is the ten thousands digit of 2464102?
6
What is the millions digit of 18506843?
8
What is the ten thousands digit of 25766?
2
What is the thousands digit of 321506?
1
What is the units digit of 19255?
5
What is the thousands digit of 4375633?
5
What is the thousands digit of 5484198?
4
What is the hundreds digit of 2974378?
3
What is the thousands digit of 13866164?
6
What is the tens digit of 924618?
1
What is the hundred thousands digit of 1562507?
5
What is the hundreds digit of 137082?
0
What is the tens digit of 286588?
8
What is the hundred thousands digit of 27584160?
5
What is the ten thousands digit of 613144?
1
What is the tens digit of 6547120?
2
What is the hundreds digit of 11280?
2
What is the units digit of 3528638?
8
What is the hundred thousands digit of 402535?
4
What is the hundreds digit of 3191076?
0
What is the ten thousands digit of 508790?
0
What is the tens digit of 6784992?
9
What is the tens digit of 19589?
8
What is the units digit of 159361?
1
What is the hundreds digit of 2476748?
7
What is the ten thousands digit of 350288?
5
What is the tens digit of 314515?
1
What is the hundred thousands digit of 1119222?
1
What is the tens digit of 277948?
4
What is the thousands digit of 435084?
5
What is the thousands digit of 130286?
0
What is the millions digit of 4853796?
4
What is the units digit of 643745?
5
What is the hundred thousands digit of 844915?
8
What is the tens digit of 262765?
6
What is the units digit of 90746?
6
What is the ten thousands digit of 318858?
1
What is the units digit of 12808127?
7
What is the units digit of 7019227?
7
What is the tens digit of 940625?
2
What is the units digit of 404871?
1
What is the hundreds digit of 417317?
3
What is the tens digit of 3365265?
6
What is the units digit of 458733?
3
What is the tens digit of 576140?
4
What is the thousands digit of 211211?
1
What is the hundred thousands digit of 184504?
1
What is the hundreds digit of 3845063?
0
What is the hundreds digit of 1845571?
5
What is the thousands digit of 596005?
6
What is the hundreds digit of 3199726?
7
What is the units digit of 91466?
6
What is the units digit of 339343?
3
What is the tens digit of 149963?
6
What is the units digit of 241764?
4
What is the hundred thousands digit of 155327?
1
What is the hundreds digit of 205718?
7
What is the thousands digit of 205900?
5
What is the units digit of 525448?
8
What is the tens digit of 2686964?
6
What is the hundreds digit of 4512032?
0
What is the tens digit of 5859957?
5
What is the hundred thousands digit of 8437920?
4
What is the thousands digit of 551127?
1
What is the ten thousands digit of 441546?
4
What is the tens digit of 532853?
5
What is the units digit of 892261?
1
What is the hundreds digit of 609928?
9
What is the hundred thousands digit of 108650?
1
What is the units digit of 73324?
4
What is the ten thousands digit of 1460943?
6
What is the ten thousands digit of 611804?
1
What is the ten thousands digit of 6015935?
1
What is the thousands digit of 365214?
5
What is the thousands digit of 295332?
5
What is the units digit of 702?
2
What is the hundreds digit of 98864?
8
What is the hundreds digit of 518323?
3
What is the tens digit of 6537043?
4
What is the hundreds digit of 316490?
4
What is the tens digit of 201602?
0
What is the thousands digit of 367761?
7
What is the millions digit of 8613474?
8
What is the hundreds digit of 220818?
8
What is the hundreds digit of 319352?
3
What is the hundreds digit of 1568?
5
What is the thousands digit of 12337762?
7
What is the tens digit of 11171084?
8